{"id":55,"date":"2022-01-09T16:45:52","date_gmt":"2022-01-09T16:45:52","guid":{"rendered":"https:\/\/www.celakovice.com\/?page_id=55"},"modified":"2022-01-14T18:37:27","modified_gmt":"2022-01-14T18:37:27","slug":"sluzby","status":"publish","type":"page","link":"https:\/\/www.celakovice.com\/index.php\/sluzby\/","title":{"rendered":"Slu\u017eby"},"content":{"rendered":"\t\t<div data-elementor-type=\"wp-page\" data-elementor-id=\"55\" class=\"elementor elementor-55\" data-elementor-settings=\"[]\">\n\t\t\t\t\t\t\t<div class=\"elementor-section-wrap\">\n\t\t\t\t\t\t\t<section class=\"elementor-section elementor-top-section elementor-element elementor-element-adabab5 elementor-section-boxed elementor-section-height-default elementor-section-height-default\" data-id=\"adabab5\" data-element_type=\"section\">\n\t\t\t\t\t\t<div class=\"elementor-container elementor-column-gap-default\">\n\t\t\t\t\t<div class=\"elementor-column elementor-col-100 elementor-top-column elementor-element elementor-element-3ab3656\" data-id=\"3ab3656\" data-element_type=\"column\">\n\t\t\t<div class=\"elementor-widget-wrap elementor-element-populated\">\n\t\t\t\t\t\t\t\t<div class=\"elementor-element elementor-element-c87c364 elementor-position-top elementor-vertical-align-top elementor-widget elementor-widget-image-box\" data-id=\"c87c364\" data-element_type=\"widget\" data-widget_type=\"image-box.default\">\n\t\t\t\t<div class=\"elementor-widget-container\">\n\t\t\t<style>\/*! elementor - v3.5.3 - 28-12-2021 *\/\n.elementor-widget-image-box .elementor-image-box-content{width:100%}@media (min-width:768px){.elementor-widget-image-box.elementor-position-left .elementor-image-box-wrapper,.elementor-widget-image-box.elementor-position-right .elementor-image-box-wrapper{display:-webkit-box;display:-ms-flexbox;display:flex}.elementor-widget-image-box.elementor-position-right .elementor-image-box-wrapper{text-align:right;-webkit-box-orient:horizontal;-webkit-box-direction:reverse;-ms-flex-direction:row-reverse;flex-direction:row-reverse}.elementor-widget-image-box.elementor-position-left .elementor-image-box-wrapper{text-align:left;-webkit-box-orient:horizontal;-webkit-box-direction:normal;-ms-flex-direction:row;flex-direction:row}.elementor-widget-image-box.elementor-position-top .elementor-image-box-img{margin:auto}.elementor-widget-image-box.elementor-vertical-align-top .elementor-image-box-wrapper{-webkit-box-align:start;-ms-flex-align:start;align-items:flex-start}.elementor-widget-image-box.elementor-vertical-align-middle .elementor-image-box-wrapper{-webkit-box-align:center;-ms-flex-align:center;align-items:center}.elementor-widget-image-box.elementor-vertical-align-bottom .elementor-image-box-wrapper{-webkit-box-align:end;-ms-flex-align:end;align-items:flex-end}}@media (max-width:767px){.elementor-widget-image-box .elementor-image-box-img{margin-left:auto!important;margin-right:auto!important;margin-bottom:15px}}.elementor-widget-image-box .elementor-image-box-img{display:inline-block}.elementor-widget-image-box .elementor-image-box-title a{color:inherit}.elementor-widget-image-box .elementor-image-box-wrapper{text-align:center}.elementor-widget-image-box .elementor-image-box-description{margin:0}<\/style><div class=\"elementor-image-box-wrapper\"><figure class=\"elementor-image-box-img\"><img loading=\"lazy\" decoding=\"async\" width=\"1170\" height=\"509\" src=\"https:\/\/www.celakovice.com\/wp-content\/uploads\/2022\/01\/slide1.jpg\" class=\"attachment-full size-full\" alt=\"\" \/><\/figure><div class=\"elementor-image-box-content\"><h3 class=\"elementor-image-box-title\">Autorizovan\u00fd servis zna\u010dek<\/h3><p class=\"elementor-image-box-description\">Behringer, Beyerdynamic, Bugera, KlarTeknik, Lab.Gruppen, MIDAS, Pioneer, Pioneer DJ, TC Electronic,TC Helicon, Tannoy, Turbosound<\/p><\/div><\/div>\t\t<\/div>\n\t\t\t\t<\/div>\n\t\t\t\t\t<\/div>\n\t\t<\/div>\n\t\t\t\t\t\t\t<\/div>\n\t\t<\/section>\n\t\t\t\t<section class=\"elementor-section elementor-top-section elementor-element elementor-element-f82729a elementor-section-boxed elementor-section-height-default elementor-section-height-default\" data-id=\"f82729a\" data-element_type=\"section\">\n\t\t\t\t\t\t<div class=\"elementor-container elementor-column-gap-default\">\n\t\t\t\t\t<div class=\"elementor-column elementor-col-100 elementor-top-column elementor-element elementor-element-623c5ae\" data-id=\"623c5ae\" data-element_type=\"column\">\n\t\t\t<div class=\"elementor-widget-wrap elementor-element-populated\">\n\t\t\t\t\t\t\t\t<div class=\"elementor-element elementor-element-bd9191d elementor-widget elementor-widget-text-editor\" data-id=\"bd9191d\" data-element_type=\"widget\" data-widget_type=\"text-editor.default\">\n\t\t\t\t<div class=\"elementor-widget-container\">\n\t\t\t<style>\/*! elementor - v3.5.3 - 28-12-2021 *\/\n.elementor-widget-text-editor.elementor-drop-cap-view-stacked .elementor-drop-cap{background-color:#818a91;color:#fff}.elementor-widget-text-editor.elementor-drop-cap-view-framed .elementor-drop-cap{color:#818a91;border:3px solid;background-color:transparent}.elementor-widget-text-editor:not(.elementor-drop-cap-view-default) .elementor-drop-cap{margin-top:8px}.elementor-widget-text-editor:not(.elementor-drop-cap-view-default) .elementor-drop-cap-letter{width:1em;height:1em}.elementor-widget-text-editor .elementor-drop-cap{float:left;text-align:center;line-height:1;font-size:50px}.elementor-widget-text-editor .elementor-drop-cap-letter{display:inline-block}<\/style>\t\t\t\t<ul><li style=\"list-style-type: none;\"><ul><li>Nab\u00edz\u00edme servis i ostatn\u00edch zna\u010dek z hudebn\u00ed bran\u017ee.<\/li><li>V\u00fdvoj elektronick\u00fdch za\u0159\u00edzen\u00ed dle po\u017eadavk\u016f z\u00e1kazn\u00edka<\/li><li>\u0158\u00edd\u00edc\u00ed syst\u00e9my na b\u00e1zi jedno\u010dipov\u00fdch mikroprocesor\u016f (Atmel)<\/li><li>N\u00e1vrh konstrukce a n\u00e1sledn\u00e9 zaji\u0161ten\u00ed prototypov\u00e9 v\u00fdroby s mo\u017enost\u00ed zaji\u0161t\u011bn\u00ed malos\u00e9riov\u00e9 v\u00fdroby<\/li><li>Poradensk\u00e1 \u010dinnost v oblasti elektroniky<\/li><li>Repase a instalace po\u010d\u00edta\u010d\u016f a po\u010d\u00edta\u010dov\u00fdch syst\u00e9m\u016f<\/li><\/ul><\/li><\/ul><p style=\"text-align: center;\">V p\u0159\u00edpad\u011b z\u00e1jmu n\u00e1s nev\u00e1hejte kontaktovat telefonicky nebo zde:\u00a0 <strong><a href=\"https:\/\/www.celakovice.com\/index.php\/kontaktni-formular\/\"><span style=\"text-decoration: underline;\">POSLAT PO\u017dADAVEK<\/span><\/a><\/strong><\/p><p style=\"text-align: center;\">Ceny servisn\u00edch slu\u017eeb naleznete <a href=\"https:\/\/www.celakovice.com\/index.php\/cenik-servisnich-sluzeb\/\" target=\"_blank\" rel=\"noopener\"><span style=\"text-decoration: underline;\"><strong>zde<\/strong><\/span><\/a><\/p><p style=\"text-align: center;\">Ceny za v\u00fdvoj jsou sjedn\u00e1v\u00e1ny individu\u00e1ln\u011b dle slo\u017eitosti a n\u00e1ro\u010dnosti V\u00e1mi zadan\u00e9ho projektu.<\/p>\t\t\t\t\t\t<\/div>\n\t\t\t\t<\/div>\n\t\t\t\t\t<\/div>\n\t\t<\/div>\n\t\t\t\t\t\t\t<\/div>\n\t\t<\/section>\n\t\t\t\t\t\t<\/div>\n\t\t\t\t\t<\/div>\n\t\t","protected":false},"excerpt":{"rendered":"<p>Autorizovan\u00fd servis zna\u010dek Behringer, Beyerdynamic, Bugera, KlarTeknik, Lab.Gruppen, MIDAS, Pioneer, Pioneer DJ, TC Electronic,TC Helicon, Tannoy, Turbosound Nab\u00edz\u00edme servis i ostatn\u00edch zna\u010dek z hudebn\u00ed bran\u017ee. V\u00fdvoj elektronick\u00fdch za\u0159\u00edzen\u00ed dle po\u017eadavk\u016f z\u00e1kazn\u00edka \u0158\u00edd\u00edc\u00ed syst\u00e9my na b\u00e1zi jedno\u010dipov\u00fdch mikroprocesor\u016f (Atmel) N\u00e1vrh konstrukce a n\u00e1sledn\u00e9 zaji\u0161ten\u00ed prototypov\u00e9 v\u00fdroby s mo\u017enost\u00ed zaji\u0161t\u011bn\u00ed malos\u00e9riov\u00e9 v\u00fdroby Poradensk\u00e1 \u010dinnost v oblasti elektroniky [&hellip;]<\/p>\n","protected":false},"author":1,"featured_media":0,"parent":0,"menu_order":0,"comment_status":"closed","ping_status":"closed","template":"sections.php","meta":{"footnotes":""},"class_list":["post-55","page","type-page","status-publish","hentry"],"yoast_head":"<!-- This site is optimized with the Yoast SEO plugin v24.9 - https:\/\/yoast.com\/wordpress\/plugins\/seo\/ -->\n<title>Slu\u017eby - Servis elektroniky \u010cel\u00e1kovice<\/title>\n<meta name=\"description\" content=\"Behringer, Midas, Pioneer, Pioneer DJ,Bugera,TC Electronic, TC Helicon, Tannoy, Turbosound, ostatn\u00ed zna\u010dky z hudebn\u00ed bran\u017ee\" \/>\n<meta name=\"robots\" content=\"index, follow, max-snippet:-1, max-image-preview:large, max-video-preview:-1\" \/>\n<link rel=\"canonical\" href=\"https:\/\/www.celakovice.com\/index.php\/sluzby\/\" \/>\n<meta property=\"og:locale\" content=\"cs_CZ\" \/>\n<meta property=\"og:type\" content=\"article\" \/>\n<meta property=\"og:title\" content=\"Slu\u017eby - Servis elektroniky \u010cel\u00e1kovice\" \/>\n<meta property=\"og:description\" content=\"Behringer, Midas, Pioneer, Pioneer DJ,Bugera,TC Electronic, TC Helicon, Tannoy, Turbosound, ostatn\u00ed zna\u010dky z hudebn\u00ed bran\u017ee\" \/>\n<meta property=\"og:url\" content=\"https:\/\/www.celakovice.com\/index.php\/sluzby\/\" \/>\n<meta property=\"og:site_name\" content=\"Servis elektroniky \u010cel\u00e1kovice\" \/>\n<meta property=\"article:modified_time\" content=\"2022-01-14T18:37:27+00:00\" \/>\n<meta property=\"og:image\" content=\"https:\/\/www.celakovice.com\/wp-content\/uploads\/2022\/01\/slide1.jpg\" \/>\n<meta name=\"twitter:card\" content=\"summary_large_image\" \/>\n<meta name=\"twitter:label1\" content=\"Odhadovan\u00e1 doba \u010dten\u00ed\" \/>\n\t<meta name=\"twitter:data1\" content=\"1 minuta\" \/>\n<script type=\"application\/ld+json\" class=\"yoast-schema-graph\">{\"@context\":\"https:\/\/schema.org\",\"@graph\":[{\"@type\":\"WebPage\",\"@id\":\"https:\/\/www.celakovice.com\/index.php\/sluzby\/\",\"url\":\"https:\/\/www.celakovice.com\/index.php\/sluzby\/\",\"name\":\"Slu\u017eby - Servis elektroniky \u010cel\u00e1kovice\",\"isPartOf\":{\"@id\":\"https:\/\/www.celakovice.com\/#website\"},\"primaryImageOfPage\":{\"@id\":\"https:\/\/www.celakovice.com\/index.php\/sluzby\/#primaryimage\"},\"image\":{\"@id\":\"https:\/\/www.celakovice.com\/index.php\/sluzby\/#primaryimage\"},\"thumbnailUrl\":\"https:\/\/www.celakovice.com\/wp-content\/uploads\/2022\/01\/slide1.jpg\",\"datePublished\":\"2022-01-09T16:45:52+00:00\",\"dateModified\":\"2022-01-14T18:37:27+00:00\",\"description\":\"Behringer, Midas, Pioneer, Pioneer DJ,Bugera,TC Electronic, TC Helicon, Tannoy, Turbosound, ostatn\u00ed zna\u010dky z hudebn\u00ed bran\u017ee\",\"breadcrumb\":{\"@id\":\"https:\/\/www.celakovice.com\/index.php\/sluzby\/#breadcrumb\"},\"inLanguage\":\"cs\",\"potentialAction\":[{\"@type\":\"ReadAction\",\"target\":[\"https:\/\/www.celakovice.com\/index.php\/sluzby\/\"]}]},{\"@type\":\"ImageObject\",\"inLanguage\":\"cs\",\"@id\":\"https:\/\/www.celakovice.com\/index.php\/sluzby\/#primaryimage\",\"url\":\"https:\/\/www.celakovice.com\/wp-content\/uploads\/2022\/01\/slide1.jpg\",\"contentUrl\":\"https:\/\/www.celakovice.com\/wp-content\/uploads\/2022\/01\/slide1.jpg\",\"width\":1170,\"height\":509},{\"@type\":\"BreadcrumbList\",\"@id\":\"https:\/\/www.celakovice.com\/index.php\/sluzby\/#breadcrumb\",\"itemListElement\":[{\"@type\":\"ListItem\",\"position\":1,\"name\":\"Dom\u016f\",\"item\":\"https:\/\/www.celakovice.com\/\"},{\"@type\":\"ListItem\",\"position\":2,\"name\":\"Slu\u017eby\"}]},{\"@type\":\"WebSite\",\"@id\":\"https:\/\/www.celakovice.com\/#website\",\"url\":\"https:\/\/www.celakovice.com\/\",\"name\":\"Servis elektroniky \u010cel\u00e1kovice\",\"description\":\"profesion\u00e1ln\u00ed servis elektroniky od roku 1998\",\"potentialAction\":[{\"@type\":\"SearchAction\",\"target\":{\"@type\":\"EntryPoint\",\"urlTemplate\":\"https:\/\/www.celakovice.com\/?s={search_term_string}\"},\"query-input\":{\"@type\":\"PropertyValueSpecification\",\"valueRequired\":true,\"valueName\":\"search_term_string\"}}],\"inLanguage\":\"cs\"}]}<\/script>\n<!-- \/ Yoast SEO plugin. -->","yoast_head_json":{"title":"Slu\u017eby - Servis elektroniky \u010cel\u00e1kovice","description":"Behringer, Midas, Pioneer, Pioneer DJ,Bugera,TC Electronic, TC Helicon, Tannoy, Turbosound, ostatn\u00ed zna\u010dky z hudebn\u00ed bran\u017ee","robots":{"index":"index","follow":"follow","max-snippet":"max-snippet:-1","max-image-preview":"max-image-preview:large","max-video-preview":"max-video-preview:-1"},"canonical":"https:\/\/www.celakovice.com\/index.php\/sluzby\/","og_locale":"cs_CZ","og_type":"article","og_title":"Slu\u017eby - Servis elektroniky \u010cel\u00e1kovice","og_description":"Behringer, Midas, Pioneer, Pioneer DJ,Bugera,TC Electronic, TC Helicon, Tannoy, Turbosound, ostatn\u00ed zna\u010dky z hudebn\u00ed bran\u017ee","og_url":"https:\/\/www.celakovice.com\/index.php\/sluzby\/","og_site_name":"Servis elektroniky \u010cel\u00e1kovice","article_modified_time":"2022-01-14T18:37:27+00:00","og_image":[{"url":"https:\/\/www.celakovice.com\/wp-content\/uploads\/2022\/01\/slide1.jpg","type":"","width":"","height":""}],"twitter_card":"summary_large_image","twitter_misc":{"Odhadovan\u00e1 doba \u010dten\u00ed":"1 minuta"},"schema":{"@context":"https:\/\/schema.org","@graph":[{"@type":"WebPage","@id":"https:\/\/www.celakovice.com\/index.php\/sluzby\/","url":"https:\/\/www.celakovice.com\/index.php\/sluzby\/","name":"Slu\u017eby - Servis elektroniky \u010cel\u00e1kovice","isPartOf":{"@id":"https:\/\/www.celakovice.com\/#website"},"primaryImageOfPage":{"@id":"https:\/\/www.celakovice.com\/index.php\/sluzby\/#primaryimage"},"image":{"@id":"https:\/\/www.celakovice.com\/index.php\/sluzby\/#primaryimage"},"thumbnailUrl":"https:\/\/www.celakovice.com\/wp-content\/uploads\/2022\/01\/slide1.jpg","datePublished":"2022-01-09T16:45:52+00:00","dateModified":"2022-01-14T18:37:27+00:00","description":"Behringer, Midas, Pioneer, Pioneer DJ,Bugera,TC Electronic, TC Helicon, Tannoy, Turbosound, ostatn\u00ed zna\u010dky z hudebn\u00ed bran\u017ee","breadcrumb":{"@id":"https:\/\/www.celakovice.com\/index.php\/sluzby\/#breadcrumb"},"inLanguage":"cs","potentialAction":[{"@type":"ReadAction","target":["https:\/\/www.celakovice.com\/index.php\/sluzby\/"]}]},{"@type":"ImageObject","inLanguage":"cs","@id":"https:\/\/www.celakovice.com\/index.php\/sluzby\/#primaryimage","url":"https:\/\/www.celakovice.com\/wp-content\/uploads\/2022\/01\/slide1.jpg","contentUrl":"https:\/\/www.celakovice.com\/wp-content\/uploads\/2022\/01\/slide1.jpg","width":1170,"height":509},{"@type":"BreadcrumbList","@id":"https:\/\/www.celakovice.com\/index.php\/sluzby\/#breadcrumb","itemListElement":[{"@type":"ListItem","position":1,"name":"Dom\u016f","item":"https:\/\/www.celakovice.com\/"},{"@type":"ListItem","position":2,"name":"Slu\u017eby"}]},{"@type":"WebSite","@id":"https:\/\/www.celakovice.com\/#website","url":"https:\/\/www.celakovice.com\/","name":"Servis elektroniky \u010cel\u00e1kovice","description":"profesion\u00e1ln\u00ed servis elektroniky od roku 1998","potentialAction":[{"@type":"SearchAction","target":{"@type":"EntryPoint","urlTemplate":"https:\/\/www.celakovice.com\/?s={search_term_string}"},"query-input":{"@type":"PropertyValueSpecification","valueRequired":true,"valueName":"search_term_string"}}],"inLanguage":"cs"}]}},"_links":{"self":[{"href":"https:\/\/www.celakovice.com\/index.php\/wp-json\/wp\/v2\/pages\/55","targetHints":{"allow":["GET"]}}],"collection":[{"href":"https:\/\/www.celakovice.com\/index.php\/wp-json\/wp\/v2\/pages"}],"about":[{"href":"https:\/\/www.celakovice.com\/index.php\/wp-json\/wp\/v2\/types\/page"}],"author":[{"embeddable":true,"href":"https:\/\/www.celakovice.com\/index.php\/wp-json\/wp\/v2\/users\/1"}],"replies":[{"embeddable":true,"href":"https:\/\/www.celakovice.com\/index.php\/wp-json\/wp\/v2\/comments?post=55"}],"version-history":[{"count":57,"href":"https:\/\/www.celakovice.com\/index.php\/wp-json\/wp\/v2\/pages\/55\/revisions"}],"predecessor-version":[{"id":353,"href":"https:\/\/www.celakovice.com\/index.php\/wp-json\/wp\/v2\/pages\/55\/revisions\/353"}],"wp:attachment":[{"href":"https:\/\/www.celakovice.com\/index.php\/wp-json\/wp\/v2\/media?parent=55"}],"curies":[{"name":"wp","href":"https:\/\/api.w.org\/{rel}","templated":true}]}}